 11959
List the prime factors of 559195.
5, 7, 13, 1229
What are the prime factors of 15528065?
5, 7, 443659
What are the prime factors of 740525?
5, 19, 1559
What are the prime factors of 17097688?
2, 2137211
List the prime factors of 3706325.
5, 7, 21179
What are the prime factors of 61365?
3, 5, 4091
List the prime factors of 140073.
3, 46691
List the prime factors of 459271.
459271
List the prime factors of 6004377.
3, 227, 2939
What are the prime factors of 13328617?
71, 347, 541
List the prime factors of 74217.
3, 11, 13, 173
List the prime factors of 322630.
2, 5, 7, 11, 419
List the prime factors of 97239.
3, 32413
List the prime factors of 113586.
2, 3, 11, 1721
What are the prime factors of 2236491?
3, 27611
List the prime factors of 515312.
2, 7, 43, 107
What are the prime factors of 405186?
2, 3, 67531
What are the prime factors of 130202?
2, 65101
List the prime factors of 4696090.
2, 5, 7, 73, 919
What are the prime factors of 1946463?
3, 263, 2467
What are the prime factors of 94243?
73, 1291
List the prime factors of 38145076.
2, 17, 37, 15161
List the prime factors of 1024993.
19, 73, 739
What are the prime factors of 912706?
2, 456353
What are the prime factors of 562131?
3, 62459
List the prime factors of 672805.
5, 7, 47, 409
List the prime factors of 99296.
2, 29, 107
List the prime factors of 607394.
2, 83, 3659
List the prime factors of 12889174.
2, 6444587
List the prime factors of 6254.
2, 53, 59
List the prime factors of 722721.
3, 17, 37, 383
What are the prime factors of 2541464?
2, 107, 2969
What are the prime factors of 7394967?
3, 821663
What are the prime factors of 1291782?
2, 3, 215297
What are the prime factors of 7801883?
7801883
What are the prime factors of 514325?
5, 7, 2939
List the prime factors of 150978.
2, 3, 25163
What are the prime factors of 2225?
5, 89
List the prime factors of 1293446.
2, 7, 11, 37, 227
List the prime factors of 3172834.
2, 7, 226631
What are the prime factors of 139488?
2, 3, 1453
List the prime factors of 1053741.
3, 13, 41, 659
What are the prime factors of 3998962?
2, 11, 67, 2713
List the prime factors of 22728529.
22728529
What are the prime factors of 686366?
2, 23, 43, 347
What are the prime factors of 6649075?
5, 317, 839
List the prime factors of 7970208.
2, 3, 83023
What are the prime factors of 160576?
2, 13, 193
List the prime factors of 18392820.
2, 3, 5, 43, 7129
What are the prime factors of 419033?
17, 157
What are the prime factors of 29723314?
2, 23, 646159
List the prime factors of 526634.
2, 59, 4463
What are the prime factors of 2365454?
2, 7, 13, 41, 317
What are the prime factors of 21853764?
2, 3, 607049
What are the prime factors of 680105?
5, 19, 7159
What are the prime factors of 1160431?
37, 79, 397
List the prime factors of 1722188.
2, 13, 33119
What are the prime factors of 2566553?
11, 233323
List the prime factors of 6287207.
113, 55639
List the prime factors of 1479001.
37, 71, 563
What are the prime factors of 821069?
821069
What are the prime factors of 10970159?
10970159
List the prime factors of 2423457.
3, 67, 4019
List the prime factors of 5658129.
3, 628681
List the prime factors of 12708561.
3, 4236187
List the prime factors of 19056752.
2, 11, 13, 8329
What are the prime factors of 1064939?
1064939
List the prime factors of 852150.
2, 3, 5, 13, 19, 23
What are the prime factors of 5105904?
2, 3, 106373
What are the prime factors of 4915653?
3, 1638551
What are the prime factors of 1159133?
19, 61007
List the prime factors of 196701.
3, 173, 379
List the prime factors of 18306699.
3, 6102233
What are the prime factors of 3023440?
2, 5, 7, 5399
What are the prime factors of 742368?
2, 3, 11, 19, 37
What are the prime factors of 5757343?
41, 140423
List the prime factors of 3813.
3, 31, 41
What are the prime factors of 159150?
2, 3, 5, 1061
What are the prime factors of 5765140?
2, 5, 288257
What are the prime factors of 8993000?
2, 5, 17, 23
List the prime factors of 4359318.
2, 3, 139, 5227
What are the prime factors of 132904?
2, 37, 449
What are the prime factors of 2442310?
2, 5, 13, 18787
List the prime factors of 8982101.
59, 152239
What are the prime factors of 499937?
31, 16127
List the prime factors of 96322.
2, 17, 2833
What are the prime factors of 8045?
5, 1609
List the prime factors of 917006.
2, 41, 53, 211
List the prime factors of 2896752.
2, 3, 29, 2081
List the prime factors of 10582030.
2, 5, 1058203
What are the prime factors of 366639?
3, 7, 13, 17, 79
List the prime factors of 29269041.
3, 23, 18443
What are the prime factors of 156950?
2, 5, 43, 73
List the prime factors of 1038396.
2, 3, 86533
List the prime factors of 279810.
2, 3, 5, 3109
List the prime factors of 889053.
3, 11, 29, 929
List the prime factors of 1271968.
2, 39749
What are the prime factors of 2437744?
2, 151, 1009
List the prime factors of 606618.
2, 3, 67, 503
What are the prime factors of 1217492?
2, 304373
What are the prime factors of 2313678?
2, 3, 29, 13297
What are the prime factors of 18117898?
2, 241, 37589
What are the prime factors of 1142864?
2, 71429
What are the prime factors of 6027525?
3, 5, 7, 43, 89
List the prime factors of 8362261.
19, 103, 4273
What are the prime factors of 178934?
2, 7, 12781
What are the prime factors of 3646034?
2, 7, 31, 271
List the prime factors of 152315.
5, 41, 743
What are the prime factors of 702001?
37, 18973
What are the prime factors of 157954?
2, 78977
What are the prime factors of 4970319?
3, 1656773
What are the prime factors of 8777006?
2, 7, 626929
What are the prime factors of 156362?
2, 37, 2113
What are the prime factors of 1287583?
11, 117053
List the prime factors of 11141765.
5, 67, 79, 421
List the prime factors of 156095.
5, 31219
List the prime factors of 323240.
2, 5, 8081
What are the prime factors of 278084?
2, 19, 3659
List the prime factors of 106049.
173, 613
List the prime factors of 1134029.
13, 83, 1051
What are the prime factors of 2759?
31, 89
What are the prime factors of 15153589?
11, 173, 7963
List the prime factors of 683834.
2, 37, 9241
What are the prime factors of 424897?
11, 19, 107
List the prime factors of 3206035.
5, 7, 139, 659
What are the prime factors of 7067768?
2, 883471
What are the prime factors of 5788067?
5788067
What are the prime factors of 133125?
3, 5, 71
List the prime factors of 12276528.
2, 3, 11, 23251
List the prime factors of 25004030.
2, 5, 2500403
List the prime factors of 7126290.
2, 3, 5, 79181
List the prime factors of 248114.
2, 131, 947
What are the prime factors of 2429747?
577, 4211
List the prime factors of 2008591.
13, 367, 421
What are the prime factors of 212029?
212029
What are the prime factors of 319609?
29, 103, 107
What are the prime factors of 617283?
3, 107, 641
List the prime factors of 2214101.
2214101
List the prime factors of 11476399.
11, 19, 43, 1277
What are the prime factors of 3156124?
2, 789031
List the prime factors of 164029.
61, 2689
What are the prime factors of 2475913?
11, 47, 4789
What are the prime factors of 454959?
3, 50551
What are the prime factors of 302896?
2, 11, 1721
What are the prime factors of 983237?
73, 13469
List the prime factors of 11822037.
3, 3940679
What are the prime factors of 17067716?
2, 233, 18313
List the prime factors of 1054382.
2, 7, 29, 53
What are the prime factors of 429480?
2, 3, 5, 1193
What are the prime factors of 2009951?
37, 54323
What are the prime factors of 229788?
2, 3, 13, 491
What are the prime factors of 282095?
5, 11, 23, 223
List the prime factors of 276629.
276629
What are the prime factors of 214891?
214891
What are the prime factors of 12041891?
79, 152429
List the prime factors of 627060.
2, 3, 5, 7, 1493
List the prime factors of 519073.
37, 14029
List the prime factors of 191705.
5, 23, 1667
What are the prime factors of 4854171?
3, 7, 97, 2383
What are the prime factors of 168963?
3, 17, 3313
List the prime factors of 6375673.
151, 42223
List the prime factors of 210331.
11, 19121
List the prime factors of 571246.
2, 13, 127, 173
What are the prime factors of 33041137?
2381, 13877
What are the prime factors of 4222354?
2, 2111177
What are the prime factors of 1313851?
7, 11, 113, 151
List the prime factors of 295433.
295433
What are the prime fact